- -4)
-1
Evaluate 2 - (-2 - (-1 + -1)) - 2.
0
Evaluate (-1 - -5) + (-17 - (10 - 17)).
-6
-4 + 4 + -4 + (5 - 5)
-4
4 - (6 + (-5 - (-11 - -5)))
-3
What is -4 + 3 + -6 - -11 - 3?
1
Calculate (6 - 12) + (10 - 0).
4
2 + (-4 - (-5 + -1))
4
(0 - 0) + 6 + -9 - 1
-4
Calculate (4 + -1 - 7) + (0 - -5).
1
What is 1 + (3 + -1 - 5)?
-2
(5 + 0 + -8 - 0) + -3
-6
What is the value of (1 - 3) + 6 + (-7 - 1)?
-4
What is the value of (0 - -4) + 0 + -2 + 3?
5
What is the value of 10 - (-4 + -1 - -12)?
3
-3 - 1 - -11 - (29 + -18)
-4
Calculate (-3 - -1) + (0 - 0 - 0).
-2
Calculate -2 + (-4 - -2) + 45 + -47.
-6
What is the value of 6 + -1 - (1 + 0)?
4
Evaluate -2 - -2 - (-2 + -3).
5
-5 + 9 + -9 + 4
-1
What is the value of (4 + 2 - 4) + 2 + -3?
1
Evaluate -16 + 5 + 8 - -11.
8
Calculate 0 - (-3 + -3) - 3 - 3.
0
What is 3 + 3 - 8 - 4?
-6
Evaluate 1 - (10 - ((0 - 5) + 9)).
-5
Calculate -4 + 2 + (0 - -2 - 0).
0
-1 + -1 + 7 - 3
2
What is -1 - (2 - (-4 - -7))?
0
2 - (5 + (-5 - -4))
-2
4 + -1 + -49 + 37
-9
Calculate 61 + -71 + (3 - -1).
-6
Calculate 2 - (-6 - -2) - (2 - -3).
1
Evaluate (3 - 0) + (-3 - -3).
3
5 - (0 + -3) - 6
2
Evaluate -2 + (0 - 2) - (17 + -14).
-7
What is the value of 1 - (1 + -7 + 8)?
-1
What is the value of 5 - 13 - (-6 + (-6 - 1))?
5
What is the value of -11 - -1 - -2 - (1 - 6)?
-3
(-2 - -6) + 2 + (13 - 16)
3
What is (35 - 42) + 6 + 3 + -7?
-5
Calculate 16 + -17 - (1 - 2 - 3).
3
What is -2 + 0 + 0 + 4?
2
What is (7 + -18 - -21) + -18?
-8
What is -10 - (-10 - (-7 + 2 - 2))?
-7
Evaluate 5 + (-2 - (-3 + 4)).
2
What is 0 + (3 - (0 + -1)) - 2?
2
What is (1 - (2 + 2)) + 0?
-3
What is 0 - (2 - 4) - (1 - -5)?
-4
(0 - 10) + -94 + 98
-6
-4 - -3 - (-2 + 3 + 1)
-3
What is the value of 4 + (3 + 0 - (-28 + 31))?
4
Calculate -4 + 5 + -1 + (-4 - 0).
-4
What is 0 - (3 + -4) - (-9 + 8)?
2
Evaluate 4 + -4 - (7 + 7 + -11).
-3
Evaluate -38 - -35 - (1 - 8).
4
Calculate (4 - 2) + -1 + -16 + 12.
-3
Calculate 2 - (5 + 2 - 3).
-2
Evaluate -3 - (-12 - -3) - (-9 + 17).
-2
Evaluate -6 + 9 + -10 + 6.
-1
4 - 13 - -11 - (0 + 1)
1
What is 3 + 3 - (-7 + 12 + -3)?
4
(6 - 13) + 3 - -1
-3
What is -4 + 1 + 5 + -6?
-4
-67 + 66 - (0 - (-2 + 1))
-2
What is the value of 15 - 5 - (3 - -9)?
-2
2 - (6 + (1 - 8))
3
What is -1 - -5 - (-6 - (7 + -16))?
1
What is 5 - (-7 - -5 - 0)?
7
(-1 - -4) + (-8 - (-5 + 1))
-1
-5 + -3 + 5 + -1
-4
Evaluate 5 + (-8 - -9) + -13.
-7
Evaluate 1 + (4 - (0 - -2) - 5).
-2
Calculate (-5 - -10) + 2 + -5.
2
Evaluate 3 + -10 + (13 - 6).
0
What is the value of -84 + 83 - (-3 + -2 + 2)?
2
What is -1 - (0 + 2 + 2)?
-5
What is the value of 7 + (-4 - (8 + -1))?
-4
What is the value of 4 - (-5 + 4 + -5 + 5)?
5
Calculate -2 + (14 - 4) - (5 - 0).
3
Evaluate -1 + (-5 - (5 - -1 - 16)).
4
Evaluate -17 + 17 - (-1 + 6).
-5
Evaluate -1 + (-2 - -7) - (-2 - -7).
-1
What is 0 - ((-2 - -3) + (-4 - -3))?
0
What is -2 + (-1 - -2 - -5) + -3?
1
(-5 - (-1 + 7 - 11)) + -3
-3
What is -6 - (-4 + 0 + -6)?
4
What is the value of (-1 - (-1 - 1)) + (-9 - -9)?
1
What is the value of 1 + 3 + 7 + 4 + -12?
3
Calculate (2 - -2) + (97 - 103).
-2
(5 - (-4 - (-10 - -4))) + -2
1
What is 7 + 4 + 5 + -12 + -3?
1
What is (-6 - -11) + (-2 - -7) + -5?
5
What is the value of -4 - -16 - (5 + 2)?
5
(1 - 4 - -6) + 2
5
-5 - -7 - 9 - -4
-3
Calculate 0 - (-3 + 2 - -5).
-4
What is the value of 11 + 3 + -49 + 26?
-9
-8 - (-3 - 3) - (6 - 4)
-4
Calculate -1 + 1 + -2 + 0.
-2
Calculate 2 + -6 - (4 - 7) - -1.
0
What is 10 + -8 + 12 - 4?
10
Evaluate 0 - (6 - (3 - -3)) - 2.
-2
What is 6 + -5 - (3 - 4)?
2
What is the value of (-3 - -9) + -4 - -3?
5
What is the value of -4 + 1 + (-20 - -8 - -24)?
9
Evaluate (1 - (23 - 12)) + 15.
5
Evaluate (-1 - -6) + -6 + -2 + 0.
-3
What is the value of -14 + 0 + (0 - -8) + -3?
-9
Evaluate 5 + (-4 - (2 + 0)).
-1
Evaluate 2 + (-3 - 1) - 2 - -2.
-2
What is the value of 5 - (4 - (-2 + (0 - -3)))?
2
Calculate -14 + (9 - (11 + -6)).
-10
-1 - (0 + (-4 - 2))
5
Calculate -3 + (4 - 1 - -4) + -2.
2
What is the value of -8 - (0 + -3 + 0)?
-5
-6 + -2 + 10 + -6
-4
Calculate 3 + 2 + -4 + -1.
0
What is the value of 5 + -2 - (5 + 3)?
-5
Evaluate -3 + 0 + -3 + 4.
-2
Evaluate 3 - (6 + (-3 - 1)).
1
Evaluate (-4 - -1) + (2 - (2 + -4)).
1
What is the value of (-2 - 2 - 1) + 1 + 11?
7
What is the value of 5 - (-6 - -8 - -5)?
-2
What is the value of 1 - -2 - (-2 - (-4 - 2))?
-1
What is the value of (2 - 0) + (5 - 14) + 11?
4
Calculate -3 + (-5 - -17) - 8.
1
What is the value of -13 - -13 - (1 + -3)?
2
Calculate 0 - ((-5 - (-4 - 1)) + 2).
-2
Evaluate -1 - ((-5 - -2) + (3 - 1)).
0
What is the value of -5 - (0 + (-6 - (-2 + 0)))?
-1
What is 0 + -7 + -10 + 16 - -5?
4
Evaluate (2 + 3 - 3) + (-16 - -9).
-5
Evaluate (9 - 6) + -7 + 0 + 0.
-4
(22 - 20) + -8 + 2
-4
What is the value of -2 + (2 - (4 - 2))?
-2
Evaluate -2 + (3 + -2 - 4 - -1).
-4
What is the value of 2 - (3 + 1 + -2)?
0
Evaluate (-1 - 0) + (2 - (3 + 1)).
-3
Evaluate 5 - (-5 - -20 - 6).
-4
What is (-10 - -7 - -5) + (3 - 1)?
4
1 + 2 + 1 + 0
4
Evaluate (5 - ((0 - 4) + 3)) + -1.
5
Evaluate (7 - (-10 + 17)) + (2 - 3).
-1
6 + -8 - (-5 - 2)
5
10 + -19 + 6 + 4
1
Evaluate -7 - -4 - ((3 - 1) + -1).
-4
What is the value of 5 + (4 - (1 + 9)) - -5?
4
What is 6 + (-3 + 6 - 16)?
-7
What is the value of (4 - 1) + 2 + -5 + -3?
-3
Evaluate -1 + 1 + -14 + 12 + -3.
-5
Calculate -2 + (0 + -4 - (-26 - -18)).
2
Evaluate -1 + 0 + (31 - 35).
-5
Evaluate -2 + (1 + 2 - -2) + 0.
3
Calculate 1 + (-7 - -2) - (26 - 28).
-2
What is the value of -7 + 21 + (-9 - -1)?
6
11 - (-3 - (-15 + 5))
4
What is 1 + (-5 - (-10 - -4))?
2
What is (11 - 15) + (2 - -1)?
-1
Evaluate -7 + (-9 - -4 - -17).
5
What is the value of -165 + 171 - (0 + -1 + 9)?
-2
-3 - ((5 + 7 - 6) + -15)
6
What is -2 - -5 - ((-3 - -1) + 1)?
4
(3 - 1) + -7 - (0 + -2)
-3
What is the value of 6 - (-12 - -18 - 7)?
7
What is the value of 0 + 9 + 1 + -5 + 0?
5
Calculate (-7 - -2) + -12 + 18.
1
What is the value of (-7 + 5 - -5) + (-2 - -1)?
2
What is 1 + (-2 - -2) - -4?
5
Evaluate (-4 - -1) + (9 - 3).
3
1 - -4 - 6 - -5
4
What is 3 + (0 - 2 - (1 - -1))?
-1
What is the value of -5 + (-9 - -1) + 9?
-4
What is the value of 1 + -3 + -6 - -12?
4
What is the value of (3 - (3 - 3)) + -4 + 3?
2
Calculate -7 + 4 + 3 + -1.
-1
What is the value of 7 - (1 + 2 + 0 + 0)?
4
What is (-2 + -6 - -1) + 3?
-4
-7 + (22 - 9) - 4
2
2 + (-7 - -3) + 1
-1
Evaluate -7 - (2 - (7 + -2)).
-4
Calculate -2 + 4 + -2 + -3 + 1.
-2
Calculate -4 + (3 - (-12 - -10)).
1
Evaluate 5 + -16 + 18 - 12.
-5
Calculate -4 - (2 + -8 - 5 - 0).
7
-1 + (3 - 1 - -2)
3
Calculate 4 + 0 + -1 - (-5 - -11).
-3
Calculate 2 + -2 + -3 + 7.
4
What is the value of 6 - (0 - -6) - 3?
-3
3 - 1 - 4 - 0
-2
What is the value of -399 + 392 + 1 + (-2 - 0)?
-8
2 - (0 + 4) - -6
4
What is the value of 11 - (5 + (-7 - -1 - -4))?
8
Evaluate 1 + (-2 - ((4 - 1) + -4)).
0
Evaluate 0 + -3 + (2 - 1) + -3.
-5
Evaluate (-2 - 0) + (75 - 78).
-5
Calculate -3 - ((3 - 0) + -9).
3
What is the value of (5 - -1) + (-7 + 23 - 33)?
-11
Evaluate -1 + (-13 - -18) - (-1 + -1).
6
9 - (32 + (-6 - 8))
-9
What is (15 - 8) + (-1 - 14)?
-8
What is (-12 - 0) + -56 + 62?
-6
What is the value of 15 + -8 + -1 + -6?
0
What is 5 - (-1 - -11) - (1 + -1)?
-5
Calculate -5 - (16 + -9 - 18).
6
What is the value of -2 + 0 + 4 + -3 - -6?
5
What is the value of 3 - (-2 + 0 + (24 - 14))?
-5
Calculate -3 - (1 - 10 - -6).
0
-3 + 9 + -8 - (-3 + 8)
-7
What is the value of -8 + 0 + 0 + 3?
-5
Evaluate (-2 - -1) + -4 + 2.
-3
What is the value of -1 - -4 - (10 + -9) - 4?
-2
Calculate (-5 + 1 - -4) + 3.
3
Calculate 2 + -5 - -4 - -4.
5
What is the value of 5 + (1 - 2) + 0 + -6?
-2
-2 + 9 + (2 - (8 - 0))
1
Evaluate 7 + (-1 - 5 - (-12 - -8)).
5
What is the value of -3 + 9 - (9 + -6)?
3
What is 2 - ((2 + 3 - 3) + -3)?
3
What is 0 - 4 - -7 - 3?
0
What is (2 - 4) + (-22 - -13) + 2?
-9
Calculate -4 + (-9 - (-3 + -6)).
-4
(1 - 3) + (10 - (2 + 4))
2
(70 - 64) + (0 - 0) + 2
8
2 - (-2 - (4 - 7))
1
198 + -207 + (14 - -1)
6
-3 + 1 + -3 + 0
-5
What is 22 - 19 - (-2 + 2 + 2)?
1
What is the value of 2 + (1 - (4 - -6)) + 16?
9
-6 + -8 + 9 - -8
3
Calculate -5 + (1 + 2 - (13 + -17)).
2
-7 + -2 + (-14 - -29)
6
What is (-3 - (7 + -5)) + 2 + 3?
0
Calculate -8 - (-2 + -2) - -4.
0
41 + -37 - (-1 - 1)
6
What is (3 - (-2 - -1)) + -1 + -3?
0
What is the value of (0 - 3) + 0 + 0 + 3?
0
10 - (1 + -